l) - 4*n(l). What is f(6)?
-4
Suppose 3*q + 2*q = 2*q. Let j(h) = -h - h**2 - 2 - 3 + 0*h**3 - 2*h**3 + 3*h**3. Calculate j(q).
-5
Let h(w) = -2*w + w + 2 - 5*w. Let q be 1*(-6)/(-3) + -2 - -3. Let s be (3 - 28/12)*q. Give h(s).
-10
Let p = -3 + 2. Let h(s) be the third derivative of 1/6*s**5 + 0*s - 1/24*s**4 + 0 + 8*s**2 + 0*s**3. Determine h(p).
11
Let l(n) = -2 - n**3 - 4*n - n**3 - 2*n**2 + n**3. Let p(i) = 7*i**2 + 100*i + 26. Let a be p(-14). Determine l(a).
6
Let s(d) be the second derivative of d**3/3 - 5*d**2/2 - 67*d. What is s(7)?
9
Let g(y) = -y**2 + y + 1. Let w(u) = -46*u - 184. Let c be w(-4). What is g(c)?
1
Let p(v) be the second derivative of v**5/5 - v**4/12 - v**3/6 - v**2/2 + v. Suppose u + 7 = -3*w, 4*w + 18 = -2*u + 6. Give p(w).
-5
Let g(h) = -h**2 - 11*h - 2. Let m be -122 + ((-4)/22 - (-14)/77). Let q = m + 112. Give g(q).
8
Suppose 3*s + y - 2 - 1 = 0, 6 = -2*y. Suppose -13*p + 8*p + 50 = 0. Suppose -7*w + p = -s*w. Let g(b) = b**2 - b + 1. What is g(w)?
3
Let w be (7 + -17)/(-5)*(-5)/10. Let g(p) = 5*p - p + 7*p. What is g(w)?
-11
Let f(n) = -n**3 + 6*n**2 + 2*n - 7. Suppose 0 = -b - 2*b - 276. Suppose 329 = -10*j + 359. Let l be b/(-16) - j/(-12). Give f(l).
5
Let f(y) = -2*y - 3. Let l be f(-20). Let i(g) = -l*g**2 - 34*g**2 + 70*g**2. Calculate i(-2).
-4
Let b(c) = c - 8. Let r be b(5). Let u(o) = 11*o - o**2 + 3*o - 19*o - 2. What is u(r)?
4
Let k(g) = -g - 1. Suppose 6 = c - 1. Let q(o) = 2*o + 2. Let p(x) = c*k(x) + 3*q(x). Calculate p(5).
-6
Let x(i) = 605*i**2 - 2*i - 5*i - 8 - 606*i**2. Let k(j) = j**3 + 5*j**2 + 6*j + 2. Let p be k(-4). What is x(p)?
-2
Let j(f) be the third derivative of f**6/120 - f**5/6 + 5*f**4/12 - 13*f**3/6 - 7*f**2 + 8. Give j(9).
-4
Let c(l) = -l**3 + 2*l**2 + 7*l - 5. Suppose 16*m + 12 = 3*j + 15*m, 2*j + 4*m - 8 = 0. What is c(j)?
-9
Let v(h) = h**3 + 3*h**2 + 59*h + 256. Let b be v(-4). Let r(z) be the second derivative of z + 1/20*z**5 + 1/6*z**3 + 0 - 1/12*z**b - 8*z**2. Give r(0).
-16
Let z = 4 - 5. Let t(m) be the second derivative of m**5/5 - m**4/12 - m**3/6 - m**2/2 - 21*m. Calculate t(z).
-5
Let x = 1 + 9. Let w(c) = 3*c**3 + 15*c**2 - 9*c - 5. Let s(l) = -2*l**3 - 14*l**2 + 9*l + 6. Let b(k) = 4*s(k) + 3*w(k). Give b(x).
-1
Let s(d) = d**2 + 6*d. Let g(a) = a**2 + 7*a - 6. Let f be g(-7). What is s(f)?
0
Suppose -11 = -p + 4*w, -5*p + w - 5*w = -79. Let x(l) = 6 + l**2 + 5 - p + 4*l + 6. Suppose -2*u = 1 + 3. What is x(u)?
-2
Let y(x) = x**3 - 7*x**2 + 4*x + 7. Let p(k) = -k + 13*k**3 - 31*k**3 + 17*k**3 + 2*k - 2*k + 6. Let u = 1 - 1. Let l be p(u). What is y(l)?
-5
Let u(q) = -q + 1. Let k(s) = s**3 - 3*s**2 + 2. Let a be k(3). Suppose a*p - 25 = -3*p. Determine u(p).
-4
Let n(m) = -m**3 + 10*m**2 - 7*m - 12. Suppose 0 = 5*j + 8 - 68. Let a = 21 - j. Determine n(a).
6
Let c(j) = j**2 + 14*j + 33. Let f be c(-11). Let p(o) = 6 + f - 60*o**2 + 61*o**2 - 7*o. Give p(4).
-6
Let p(q) = q**3 - 7*q**2 + 5*q. Let w be p(6). Suppose 1 = 2*i - 7. Let x(a) = -i*a + 9 + 7*a + 0*a. Determine x(w).
-9
Let l(z) be the second derivative of 3*z**5/20 - z**4/4 + z**3/6 - z**2 + 44*z. Give l(2).
12
Suppose -22*x + 5*r = -19*x + 24, 16 = -2*x - 5*r. Let o(l) = -8*l**2 + 7*l + 5. Let d(t) = t**3 - t**2 - t + 1. Let w(z) = -d(z) + o(z). Give w(x).
4
Let x be ((-8)/(-10))/((2/15)/1). Suppose -15 = 2*t + 3*t, -3*d + t = x. Let r(k) = -3*k - 1. Give r(d).
8
Let h be (0 - 2) + (-4 - -9). Let c(s) = -s**3 - s**2 + 13*s + 6. Let n be c(-4). Let x(k) = -k + 0*k - 5*k**n + 6*k**2. Calculate x(h).
6
Let k(c) = 6*c - 14. Let z be k(2). Let n(h) be the second derivative of -h**5/10 + h**4/12 + h**3/6 + 3*h. What is n(z)?
18
Let n(w) be the first derivative of w**2/2 + 2*w - 1. Suppose 4 = -5*l + 4*z, l - 2 = -4*z + 2. Suppose -4*y + 4 = p, y + 4*y - 10 = l. What is n(p)?
-2
Let l(c) = 250 + 0*c + 11*c**2 - c**3 - 228 - 20*c. Determine l(9).
4
Let r(b) = 6 - 3 - 1 - b + 1. Let h(c) = 18 + 14 - 6*c - 9. Let q be h(3). Give r(q).
-2
Let p(s) = 14*s + 5*s - 2 - 7*s. Let u(d) = 37*d - 7. Let q(y) = 7*p(y) - 2*u(y). Determine q(-1).
-10
Suppose 0 = -270*q + 274*q + 32. Let t(w) = 2*w + 3. What is t(q)?
-13
Let c(q) = -3*q - 4 + q + 6*q + 5 - 10. Determine c(-8).
-41
Let k be (-14)/35 + (-32)/(-5). Let w(l) = 9 + 207*l - 104*l - 105*l. Give w(k).
-3
Let q(x) be the first derivative of x**2/2 - 13*x - 279. What is q(10)?
-3
Suppose -3 + 12 = 3*o. Suppose j + 4*f - 5 = o, -5*j + 40 = 4*f. Let q(r) = -r + 8. Give q(j).
0
Let f(t) = -t - 11. Let y be (189/(-105))/(2/30*-1). Let r = y + -35. Calculate f(r).
-3
Let h be (3/54)/(6/126). Let b(y) be the second derivative of -7*y - 1/12*y**4 - 1/2*y**2 + 0 + h*y**3. Calculate b(7).
-1
Let g(a) be the third derivative of a**6/120 + 3*a**5/20 + a**4/3 + 5*a**3/3 + 68*a**2. Give g(-8).
10
Let o(v) = 3*v - 3. Suppose 4*w = -2 - 2, -5*j + 4*w = 21. Calculate o(j).
-18
Let d(v) = -v**2 + 6*v + 2. Let x(c) = -3*c + 10. Let a(m) = -m - 1. Let z(t) = -4*a(t) + x(t). Let i be z(-8). What is d(i)?
2
Let z(i) = 2*i**2 - 4*i + 2. Let v(p) = 2*p + 18. Let l = -4 - -2. Let o = l - 6. Let w be v(o). What is z(w)?
2
Let s(g) be the second derivative of -g**5/20 + 2*g**4/3 + 3*g**3/2 + g**2/2 - g - 33. Give s(9).
1
Let w(z) = -3*z**2 + 8*z + 6. Let y(f) = 2*f**2 - 8*f - 5. Let b(o) = -3*w(o) - 4*y(o). Suppose 3*k + 31 = -5*m, 3*k + 0*m - 5*m + 11 = 0. Calculate b(k).
-5
Let i(c) be the second derivative of -c**5/12 + c**4/24 + c**3/2 - 9*c. Let k(m) be the second derivative of i(m). Give k(-1).
11
Let w = -64 + 63. Let m(v) = -39*v**3 + v**2 + 2*v + 1. What is m(w)?
39
Let r(p) = -p + 2. Let q(a) = -a**3 - 11*a**2 - 9*a - 2. Let w be q(-10). Let u be (42/w)/((-1)/2). Determine r(u).
-5
Let k be (6 + 171/(-27))*0. Let v(j) be the second derivative of 1/12*j**4 + 0 + k*j**2 - 6*j + 2/3*j**3. Calculate v(-4).
0
Let o(f) = -2*f**2 - 2*f - 1. Let g be o(-1). Let m be (2 + -5 + 2)/g. Let h(a) be the second derivative of -5*a**4/12 + a**3/3 - a**2/2 + 33*a. What is h(m)?
-4
Suppose 6*g - 3*g + 28 = -4*q, 0 = -g + 3*q + 8. Let u be 0*(0 - g/8). Let s(y) = y**3 + y**2 + y + 3. What is s(u)?
3
Suppose m = -2*m. Let f(c) be the second derivative of -c**5/20 + c**4/12 + 17*c**2/2 + 14*c + 2. Calculate f(m).
17
Let y(a) = 6*a - 13. Let m(u) = -u + 4. Let x(o) = 8*m(o) + 2*y(o). Let i be (66/(-9))/((-1)/3). Suppose -2*q + b - i = 5*b, -5*b = -5*q - 10. Give x(q).
-14
Let a(r) = -3*r**3 - r**2 + 1. Let h be a(-1). Let p = 0 + h. Let n(i) = 2*i - i**2 - 2 + 2*i**2 - 2*i**2 - i. Give n(p).
-8
Let l(o) = 2*o**2 - 75 + 70 - o**2. Let m be l(3). Let p(a) = -a**3 + 4*a**2 - 5*a + 5. What is p(m)?
-15
Let s(v) = v**3 - 2*v**2 + v + 1. Let g(y) = 6*y**3 - 18*y**2 - 4*y + 15. Let b(w) = g(w) - 5*s(w). What is b(9)?
10
Suppose 0 = 2*s + 5*f + 19 - 3, 5*s = 5*f + 30. Let h(o) = -o**2 + 1 + o**s + 3*o**2 - 2*o**2. Calculate h(2).
5
Let c be (-2 - -1) + (6 - 3). Suppose -k - c*k = 30. Let y be (-2 - -3)/((-2)/k). Let w(f) = f**3 - 4*f**2 - 5*f - 6. Calculate w(y).
-6
Let k(i) = -2*i**2 + 47*i - 26. Let g be k(23). Let f(l) = -9*l + 4. Determine f(g).
31
Suppose -2*y + a + 1000 = 0, -y - 4*a + 212 + 279 = 0. Let w(j) = j**3 - y*j - j**2 + 498*j + j**2 - 1. Give w(0).
-1
Let k be 2 + (-3)/(-2)*(-16)/(-12). Suppose -k*y + 15 = -y. Let n(r) = r**3 - 6*r**2 + 5*r + 4. Calculate n(y).
4
Let o(j) = 17*j + 1 + 1 - 28*j. Let p(a) = -2*a - 1. Let m(i) = o(i) - 5*p(i). What is m(7)?
0
Let d(y) be the second derivative of 8*y + 0*y**3 + 0 + 1/12*y**4 + 0*y**2. Calculate d(-1).
1
Let q(x) = 180*x - 89*x - 97*x + 0 + 7. Calculate q(3).
-11
Suppose 3*d + 225 = 5*q - 0*d, 0 = -3*q - 3*d + 111. Let b = q + -49. Let r(v) = -v - 4. Calculate r(b).
3
Suppose -3*z - 4*z + 35 = 0. Let s(w) = -5*w + 4. Let i(l) = -l + 1. Let n(r) = i(r) - s(r). Give n(z).
17
Let x(l) = -l**3 + 2*l**2 + 3*l + 3. Let u be x(-2). Let i(m) = -m - 4 + u*m - 11*m. What is i(7)?
3
Let a(h) = -h**3 - 2*h**2 + 4*h - 1. Suppose 3*j + 10*s + 15 = 7*s, 4*s = 2*j + 4. What is a(j)?
15
Suppose 9*y - 5*y = 40. Let v(q) = y*q**3 + 3*q + 3 - 19*q**3 + 8*q**3 - 2*q**2. Determine v(-3).
3
Let l(b) be the third derivative of -b**5/60 + 5*b**4/24 + b**3/6 - 3*b**2. Suppose 27 + 63 = 15*w. Determine l(w).
-5
Let x(c) = c**3 + 3*c**2 - 14*c + 22. Let v be x(-6). Let 